ctor of 32 and 1940384?
32
Calculate the greatest common factor of 82 and 808069.
41
What is the highest common factor of 4295 and 3498707?
859
Calculate the highest common factor of 189930 and 156.
78
Calculate the greatest common factor of 2623 and 688.
43
Calculate the greatest common factor of 826 and 67968.
118
What is the greatest common factor of 1108160 and 30?
10
What is the greatest common factor of 8864604 and 63?
63
Calculate the greatest common factor of 48843 and 1407.
201
What is the greatest common factor of 270 and 970?
10
Calculate the highest common divisor of 597 and 469640.
199
Calculate the greatest common divisor of 46010 and 19006.
86
Calculate the highest common divisor of 70 and 6886915.
35
Calculate the greatest common divisor of 738 and 385646.
82
What is the highest common factor of 15440 and 601388?
772
Calculate the highest common factor of 176384 and 520.
104
What is the greatest common factor of 1056 and 1920?
96
What is the highest common divisor of 75 and 97575?
75
What is the greatest common factor of 65 and 4140565?
65
Calculate the greatest common divisor of 9522 and 1543622.
1058
What is the greatest common factor of 8444610 and 45?
45
What is the greatest common factor of 404709 and 86631?
1293
What is the greatest common divisor of 52 and 84058?
26
Calculate the greatest common factor of 741 and 37167.
39
Calculate the greatest common divisor of 7 and 2523857.
7
Calculate the greatest common divisor of 60 and 24280.
20
Calculate the highest common factor of 6408 and 34354.
178
What is the highest common factor of 350152 and 968?
88
Calculate the greatest common factor of 282 and 5064062.
94
Calculate the highest common factor of 112821 and 3.
3
Calculate the greatest common divisor of 14069 and 781.
11
Calculate the greatest common divisor of 148649 and 1124.
281
Calculate the greatest common divisor of 80773 and 2618.
77
What is the greatest common divisor of 1212 and 5688?
12
What is the greatest common factor of 150904 and 416?
104
Calculate the highest common factor of 48615 and 245.
35
What is the highest common factor of 12028 and 53506?
62
Calculate the highest common divisor of 12512 and 476.
68
Calculate the greatest common divisor of 43623 and 3663.
333
What is the highest common factor of 2542273 and 97?
97
Calculate the highest common factor of 943 and 3854.
41
Calculate the greatest common divisor of 234 and 5603.
13
Calculate the greatest common divisor of 2894265 and 5940.
1485
What is the highest common divisor of 8600 and 80?
40
Calculate the highest common factor of 263354 and 182.
182
What is the highest common divisor of 3516 and 16?
4
Calculate the highest common divisor of 4361 and 275989.
623
Calculate the greatest common factor of 3674 and 2.
2
Calculate the greatest common divisor of 116042 and 34.
34
What is the highest common factor of 7210 and 868?
14
Calculate the highest common divisor of 36524 and 56.
4
Calculate the greatest common factor of 2590710 and 30.
30
Calculate the greatest common factor of 89248 and 32.
32
What is the greatest common factor of 920 and 48438?
46
What is the greatest common factor of 274176 and 918?
306
Calculate the greatest common factor of 24776 and 24928.
152
What is the greatest common factor of 740650 and 50?
50
What is the highest common factor of 1 and 82210?
1
What is the highest common divisor of 28 and 111636?
28
What is the highest common factor of 10604 and 253?
11
Calculate the greatest common divisor of 616 and 7744.
88
Calculate the greatest common factor of 460420 and 10.
10
What is the greatest common divisor of 3042 and 9750?
78
Calculate the highest common factor of 131330 and 46.
46
Calculate the greatest common divisor of 3326 and 2.
2
What is the highest common factor of 4180 and 265012?
836
Calculate the greatest common factor of 54670 and 30030.
770
Calculate the greatest common factor of 123 and 551696.
41
Calculate the greatest common factor of 180514 and 86.
86
What is the highest common divisor of 9045510 and 1590?
1590
Calculate the greatest common factor of 1244 and 256.
4
Calculate the greatest common divisor of 36 and 63092.
4
What is the greatest common divisor of 3556 and 42?
14
What is the greatest common divisor of 127 and 2532761?
127
Calculate the highest common factor of 312820 and 20.
20
What is the greatest common divisor of 5 and 69557?
1
Calculate the greatest common divisor of 32328693 and 27.
27
Calculate the highest common divisor of 49536 and 14319.
387
What is the greatest common factor of 1080 and 5445?
45
What is the greatest common divisor of 1965 and 385533?
393
Calculate the greatest common divisor of 1920760 and 124.
124
What is the highest common factor of 4976 and 48?
16
Calculate the highest common divisor of 438254 and 722.
722
What is the highest common divisor of 1408 and 2058144?
352
Calculate the greatest common factor of 72 and 82668.
12
Calculate the highest common divisor of 246 and 151782.
246
Calculate the highest common divisor of 4769 and 64256.
251
What is the greatest common factor of 70 and 15080?
10
Calculate the highest common factor of 79645 and 85.
85
What is the greatest common factor of 3991733 and 215?
43
Calculate the highest common divisor of 1602 and 23318.
178
What is the greatest common divisor of 118670 and 230?
10
Calculate the greatest common factor of 432 and 453384.
216
What is the highest common factor of 1176 and 1047032?
392
Calculate the highest common factor of 3432 and 168.
24
Calculate the greatest common divisor of 4038 and 456.
6
Calculate the greatest common divisor of 143469 and 171.
171
What is the highest common divisor of 35 and 80885?
35
What is the highest common divisor of 37762 and 632?
158
Calculate the highest common divisor of 325104 and 14067.
1563
Calculate the greatest common factor of 28 and 22624.
28
What is the greatest common factor of 7 and 561071?
7
Calculate the greatest common factor of 153 and 3546.
9
Calculate the highest common divisor of 18 and 452178.
18
Calculate the greatest common factor of 920 and 51635.
115
Calculate the greatest common divisor of 2941 and 5542.
17
What is the greatest common factor of 46069 and 92?
23
Calculate the highest common divisor of 15032 and 146.
2
What is the highest common factor of 34354 and 2314?
178
What is the greatest common factor of 437 and 21551?
23
Calculate the highest common divisor of 1581 and 81561.
93
Calculate the highest common factor of 1349 and 8591.
71
Calculate the highest common factor of 9640 and 3840.
40
Calculate the highest common divisor of 64 and 1566.
2
What is the highest common divisor of 103873 and 517?
11
What is the highest common divisor of 263745 and 90?
45
Calculate the greatest common divisor of 21 and 2098999.
7
What is the highest common factor of 35 and 763?
7
What is the greatest common divisor of 10993773 and 111?
111
Calculate the greatest common factor of 99828 and 236.
236
What is the greatest common divisor of 2210 and 506260?
170
What is the greatest common divisor of 72 and 6984?
72
Calculate the greatest common divisor of 336 and 76464.
48
Calculate the greatest common factor of 427290 and 135.
15
What is the highest common factor of 147422 and 22?
22
Calculate the greatest common factor of 6 and 3557718.
6
What is the highest common factor of 46 and 6098?
2
What is the greatest common divisor of 39 and 16728?
3
Calculate the greatest common divisor of 6032 and 179829.
377
What is the highest common factor of 304 and 161861?
19
What is the greatest common divisor of 68440 and 29?
29
Calculate the greatest common factor of 22019 and 5221.
227
Calculate the greatest common factor of 345 and 515775.
345
What is the greatest common factor of 3322 and 126?
2
What is the highest common factor of 2637455 and 335?
335
What is the highest common factor of 10784 and 232?
8
What is the greatest common divisor of 10474100 and 100?
100
Calculate the highest common divisor of 105372 and 612.
36
Calculate the greatest common factor of 20 and 259960.
20
Calculate the greatest common factor of 8127 and 9632.
301
Calculate the greatest common divisor of 89063 and 2821.
403
Calculate the greatest common divisor of 5436 and 892.
4
Calculate the greatest co